 5
Let l(s) = -s**3 + 5*s**2 - 3*s - 1. Suppose 11*y = 16*y - 15. List the prime factors of l(y).
2
Let y(v) = -26*v**3 + v**2 + 2*v + 1. Let t = 31 + -32. What are the prime factors of y(t)?
2, 13
Let y be (-3)/(9/(-552)) + -3. Suppose -y = -3*s - 25. What are the prime factors of s?
2, 13
Let s = 0 - -15. Let x be (2*-1)/(6/s). Let z(m) = 2*m**2 + 6*m - 1. List the prime factors of z(x).
19
Suppose -t = 4*y - 31, 3*t + 2*y - 131 = -8. List the prime factors of t.
43
Let f(t) = -129*t + 292. What are the prime factors of f(-14)?
2, 1049
Suppose -24491 = -21*h - 4772. List the prime factors of h.
3, 313
Suppose -975 = -2*w - 5*u, 1497 = 3*w - 6*u + 2*u. Suppose -4*g + w - 63 = 0. What are the prime factors of g?
2, 3
Suppose x - 6*x - 37 = -3*j, -2*x = 3*j - 2. Let m(y) = -y**3 - 3*y**2 + 5*y - 1. Let n be m(x). Let z = 46 - n. List the prime factors of z.
2, 11
Let u(z) = 41*z**2 + 2*z. Let m be u(-2). Let s be (-20)/(-8)*1/(-5)*-6. Suppose -m - 17 = -s*y. List the prime factors of y.
59
Suppose 2*i - 6689 = y, -4*i + 8*y + 13381 = 7*y. What are the prime factors of i?
2, 7, 239
Let c = 40 - -16. Suppose 0*g + 2*g - c = 0. List the prime factors of (-5 - -3)*(0 - g).
2, 7
Let j(a) = 10*a - 35. Let o be j(-9). Let v = o - -215. What are the prime factors of v?
2, 3, 5
Suppose -16705 - 3595 = -25*n. List the prime factors of n.
2, 7, 29
List the prime factors of ((-362)/3)/((-1)/(15/10)).
181
Suppose 67*u + 1056 = 73*u. List the prime factors of u.
2, 11
Let i(q) = 29*q**3 - 13*q**2 - 10*q - 10. Let m(t) = -19*t**3 + 9*t**2 + 7*t + 7. Let f(r) = -5*i(r) - 7*m(r). List the prime factors of f(-1).
2, 7
Suppose -5*m = -o + 5, 3*m = -3*o + o - 3. Let k(t) = -t + 2. Let i be k(m). Suppose u = -i*u + 32. What are the prime factors of u?
2
Suppose -38*x - 10908 = -44*x. Suppose 41*l = 35*l + x. What are the prime factors of l?
3, 101
Let o = -24 - -8. Let q = -18 - o. List the prime factors of (2/(-4))/(q/112).
2, 7
Let u(a) = -a**3 - a**2 - 10. Let d be u(0). Let t be 2*(d/4)/(-5). List the prime factors of 21 - -1*(t + 0).
2, 11
Suppose -6*w = -21*w + 44640. What are the prime factors of w?
2, 3, 31
Suppose -38*a + 23*a = -3270. List the prime factors of a.
2, 109
Suppose -2084 = -2*x + 2*q, -x + 9*q - 11*q = -1027. What are the prime factors of x?
17, 61
List the prime factors of (-148)/111*(-465)/2.
2, 5, 31
What are the prime factors of (-1*7 - -1)/((-18)/135)?
3, 5
Suppose 4*y - 5*o - 1615 = -0*y, -4*y + 1594 = 2*o. List the prime factors of y.
2, 5
Let x(w) = 3*w - 16. Let k(c) = -c - 1. Let y be k(-7). Suppose -y*i + 33 = -3*i. What are the prime factors of x(i)?
17
Suppose 35*w - 543 = 32*w. List the prime factors of w.
181
Suppose w - 5*h = 767, -2*w + 5*h - 2221 = -5*w. What are the prime factors of w?
3, 83
Let b(n) = -27*n**3 + 9*n**2 + 6*n - 7. Let a(w) = 18*w**3 - 6*w**2 - 4*w + 5. Let o(x) = 7*a(x) + 5*b(x). What are the prime factors of o(-1)?
2, 5
Let y = 2175 + -1199. What are the prime factors of y?
2, 61
Let w(g) = 2*g**2 + g - 4. Let n be w(3). Let r = -39 + 44. Let f = n - r. List the prime factors of f.
2, 3
Suppose -2*f + 14 = -5*v - 0*v, -5*v - 2 = 4*f. Let l be 3 + 1/(f/(-16)). Let p(q) = -q**3 - 3*q**2 + 5*q - 7. What are the prime factors of p(l)?
2, 3
Let i be (-4)/18 - (-59108)/63. Suppose 4*y = i - 106. List the prime factors of y.
2, 13
Suppose 4940 = 680*x - 676*x. What are the prime factors of x?
5, 13, 19
What are the prime factors of (3 - -4 - 1650/18)*-24?
2, 127
Let i = 2359 + 849. What are the prime factors of i?
2, 401
Let y(v) = v - 15. Let i(a) = -a**3 + 7*a**2 + 7*a + 8. Let s be i(8). Let u be y(s). What are the prime factors of (u - -2)*(3 - 4)?
13
Let o = 71 - -119. List the prime factors of o.
2, 5, 19
Let h(q) = 4*q + 403. List the prime factors of h(0).
13, 31
Suppose -5*y - 3*x = -14, y - 5*y - 3*x + 10 = 0. Suppose -3*c - 9 = 0, -y*p + 2*c = -28 + 2. Suppose f + 124 = p*f. List the prime factors of f.
31
What are the prime factors of (-5)/(20/16) + 17*196?
2, 13
Let o(t) be the first derivative of -t**3/2 + 7*t**2/2 - 8*t - 1. Let l(n) be the first derivative of o(n). What are the prime factors of l(-3)?
2
Suppose 4*w - 7*i = -12*i + 9384, 2*i = -3*w + 7038. List the prime factors of w.
2, 3, 17, 23
Suppose -5*g + 4*c = -488, -5*g + c + 0*c + 482 = 0. Let a = -54 + g. What are the prime factors of a?
2, 3, 7
Let d(k) = 2*k**2 - 17*k - 10. Let n be d(16). Let l = -129 + n. What are the prime factors of l?
101
Let x = -63 - -63. Suppose -d + 7*d - 702 = x. What are the prime factors of d?
3, 13
Suppose -i + 2*t = -17, -i - 62 = -4*i - 5*t. Let j = i - 14. Suppose 0 = o + 3*x - 42 - 16, j*o - 205 = 2*x. List the prime factors of o.
43
Suppose 7*c + 27 = 181. Let p(f) = f - 16. Let v be p(10). Let s = c + v. List the prime factors of s.
2
Let q = -1 + 4. Suppose -2*g - 3*g + 13 = f, 5*f = 3*g - 19. What are the prime factors of 6 - q*(-3 - f)?
3
Suppose 5*y - 145 = 4*j - 9*j, 0 = -3*j + 5*y + 87. Let d = 38 - j. Suppose -4*p + 227 = -d. List the prime factors of p.
59
Suppose -44*f + 29*f = -2580. List the prime factors of f.
2, 43
What are the prime factors of (10 - 22)*(-3)/4?
3
Let a(p) = -p**3 + 9*p**2 + 10*p + 10. Let c be a(10). Let n be c - (-2 - -4 - 0). What are the prime factors of n*(-1)/(-1)*5?
2, 5
Let u = 8 - 10. Let r be u/(-2 - 8/(-6)). Suppose 5*x = -4*n + 45 + 119, -168 = -5*n + r*x. What are the prime factors of n?
2, 3
Suppose 5 = -n + 2*m, 5*n - 2*m + 46 = m. List the prime factors of (-64)/n - 2/44*-4.
2, 3
Let y(p) = -188*p + 11. List the prime factors of y(-3).
5, 23
Let o(k) = -66*k + 113. What are the prime factors of o(-12)?
5, 181
Let g be (-9)/((-9)/(-3)) - 20. Suppose -2*x + 100 = -2*l, -l - 2*x - 47 = -0*x. Let z = g - l. List the prime factors of z.
2, 13
Let t be 274 - (4 + (-5 - 0)). Suppose t = k + q, -4*q - 1124 = -8*k + 4*k. List the prime factors of k.
2, 139
Suppose 0 = s + 4*i - 113, s - 5*s + 3*i = -414. Let j = s - 38. Suppose -5*q + 113 = 4*g, 0 = 3*q - 3*g + 5*g - j. What are the prime factors of q?
3, 7
Let b(r) = -36*r + 5. Let y be b(-11). Suppose -2*q + 217 + y = 4*j, -3*j + 924 = 3*q. List the prime factors of q.
307
Let t be (-5)/((-10)/4) + 3. Suppose 0 = -d + t*c + 3 - 7, -3*c - 52 = -4*d. List the prime factors of 8/d - (-146)/4.
37
Suppose -2*a + 5*q - 43 + 187 = 0, 4*a - 306 = q. Suppose 0 = x + f - 41, -2*x + 10*f - 7*f + a = 0. What are the prime factors of x?
2, 5
Suppose -210*q + 205*q + 735 = 0. List the prime factors of q.
3, 7
Suppose -5*k + d = -1146 - 4376, -4*d = 5*k - 5512. What are the prime factors of ((-4)/6)/((16/(-2))/k)?
2, 23
Suppose 4*f + 2*j = 540, 2*f = 5*f + 5*j - 398. What are the prime factors of f?
2, 17
Let t(f) = 3*f**2 - 27*f - 37. Let o(j) = 5*j**2 - 41*j - 56. Let v(d) = 5*o(d) - 8*t(d). List the prime factors of v(-15).
2, 19
What are the prime factors of (-3 + 2 - 1) + 1368/4?
2, 5, 17
Suppose 10*k - 43*k = -169554. List the prime factors of k.
2, 7, 367
Suppose 36 = 4*u + d, -3*u + 0*u + 3*d + 12 = 0. What are the prime factors of 2/u - 12045/(-60)?
3, 67
Suppose 66*s - 98787 = 33411. List the prime factors of s.
2003
Suppose -6*t = 304 - 21748. Suppose -194 = 13*b - t. List the prime factors of b.
2, 5, 13
Let m(h) = -6*h**2 + 4*h - 7. Let s(v) = v. Let r(j) = -m(j) + 4*s(j). Let c be r(-4). Let x = -62 + c. List the prime factors of x.
41
Let g(u) = -3*u + 0*u + 4 - 20. Let h(x) = -x. Let m(r) = -g(r) + 2*h(r). What are the prime factors of m(-10)?
2, 3
Let p = -5 + -30. Let d = -31 - p. Suppose 3 = -d*j + 39. What are the prime factors of j?
3
Let f(x) = x**2 - 17*x - 13. Let c be f(16). List the prime factors of (-1 - c)/((-4)/(-4)).
2, 7
Let u = -45 - -65. Suppose -32 - u = -2*q. List the prime factors of q.
2, 13
What are the prime factors of 44967/30 + 455/50 + -9?
1499
Let q(z) = 7*z**2 - 11*z - 1. What are the prime factors of q(-3)?
5, 19
Let p = 368 + 618. List the prime factors of p.
2, 17, 29
Suppose -10*n - 73 = 37. Suppose -38 + 126 = -4*u. Let k = n - u. List the prime factors of k.
11
Let r be (96/(-42) - -2) + 4/14. Suppose h - 136 + 79 = r. List the prime factors of h.
3, 19
Let b(a) = -5*a + 66. What are the prime factors of b(-5)?
7, 13
Let o be ((-21)/35)/(2/(-10)). Suppose -5*y - u = -293, 